 of 16?
True
Is 28 a factor of 27710?
False
Is 23325 a multiple of 75?
True
Is 398781 a multiple of 20?
False
Is 9 a factor of 5665575?
False
Does 16 divide 6720?
True
Is 8 a factor of 173216?
True
Is 15829819 a multiple of 472?
False
Does 19 divide 290757?
True
Does 99 divide 560736?
True
Does 100 divide 4059586?
False
Is 761 a factor of 2333987?
True
Is 33813 a multiple of 2?
False
Is 896716 a multiple of 617?
False
Does 123 divide 161007?
True
Is 88 a factor of 504626?
False
Is 11086 a multiple of 10?
False
Does 73 divide 29711?
True
Is 676581 a multiple of 4?
False
Is 56429 a multiple of 32?
False
Is 6 a factor of 46566?
True
Is 121117 a multiple of 17?
False
Does 48 divide 10082256?
True
Is 9 a factor of 953784?
True
Is 14252136 a multiple of 55?
False
Is 7532 a multiple of 41?
False
Does 84 divide 1241100?
True
Does 5 divide 9757505?
True
Is 62 a factor of 321594?
True
Is 65889 a multiple of 55?
False
Is 386 a factor of 583632?
True
Is 248 a factor of 893145?
False
Is 8522630 a multiple of 139?
False
Is 12485850 a multiple of 1011?
True
Is 17352 a multiple of 5?
False
Does 2 divide 40727?
False
Does 12 divide 50760?
True
Is 94598 a multiple of 14?
True
Is 13 a factor of 23920?
True
Is 43109664 a multiple of 16?
True
Is 133404 a multiple of 6?
True
Is 9445215 a multiple of 67?
False
Is 437983 a multiple of 13?
True
Is 10 a factor of 672397?
False
Is 36 a factor of 183996?
True
Does 21 divide 118839?
True
Is 903301 a multiple of 301?
True
Is 240718 a multiple of 64?
False
Is 185 a factor of 765370?
False
Is 9 a factor of 1521549?
True
Is 657090 a multiple of 894?
True
Is 486618 a multiple of 101?
True
Does 18 divide 10476864?
True
Is 287157 a multiple of 39?
True
Does 896 divide 5915392?
True
Is 220 a factor of 663960?
True
Does 53 divide 107272?
True
Is 226 a factor of 4179692?
False
Does 6 divide 1075162?
False
Is 3 a factor of 37413?
True
Is 57 a factor of 164730?
True
Is 19 a factor of 804783?
True
Does 11 divide 353089?
True
Is 94 a factor of 8240416?
True
Does 10 divide 5858811?
False
Is 5928910 a multiple of 26?
True
Does 6 divide 5258508?
True
Does 552 divide 152731?
False
Does 159 divide 206072?
False
Does 13 divide 4787408?
False
Is 13993958 a multiple of 31?
True
Is 1631 a factor of 712747?
True
Is 373777 a multiple of 7?
False
Is 238 a factor of 2332876?
True
Is 203396 a multiple of 633?
False
Is 32 a factor of 83533?
False
Does 3 divide 9928?
False
Is 548 a factor of 4422908?
True
Is 261 a factor of 1321222?
False
Is 43092 a multiple of 4?
True
Is 55434 even?
True
Does 93 divide 13020?
True
Is 299 a factor of 23908006?
False
Is 478798 a multiple of 41?
True
Is 22 a factor of 27070?
False
Is 21 a factor of 122425?
False
Is 1429303 a multiple of 115?
False
Is 43967 a multiple of 16?
False
Is 3683796 a multiple of 152?
False
Is 6541659 a multiple of 16?
False
Is 7 a factor of 1321748?
False
Does 30 divide 1129800?
True
Does 509 divide 43536?
False
Does 17 divide 408799?
True
Does 21 divide 73311?
True
Is 1088402 a multiple of 13?
False
Does 12 divide 302972?
False
Does 593 divide 3499293?
True
Is 28 a factor of 166048?
False
Is 4655225 a multiple of 33?
False
Is 80 a factor of 6905920?
True
Does 61 divide 9044864?
False
Is 4491272 a multiple of 556?
False
Is 7 a factor of 267246?
True
Does 189 divide 572116?
False
Is 4358655 a multiple of 35?
True
Is 41 a factor of 2179396?
True
Is 6 a factor of 2448252?
True
Is 20 a factor of 537315?
False
Does 13 divide 669281?
False
Is 571140 a multiple of 228?
True
Is 393 a factor of 306011?
False
Is 470448 a multiple of 23?
False
Does 1079 divide 1310518?
False
Is 161605 a multiple of 25?
False
Is 126 a factor of 131761?
False
Does 6 divide 1489?
False
Is 10560 a multiple of 32?
True
Is 638638 a multiple of 77?
True
Is 157 a factor of 375618?
False
Is 57 a factor of 2525080?
False
Does 81 divide 9510365?
False
Is 74 a factor of 30294?
False
Is 350879 a multiple of 67?
True
Is 89 a factor of 3534991?
True
Is 3878853 a multiple of 58?
False
Is 59 a factor of 67260?
True
Does 7 divide 3266074?
True
Does 256 divide 369051?
False
Is 34 a factor of 251906?
True
Is 73 a factor of 4489792?
True
Does 1661 divide 20657191?
False
Does 75 divide 338250?
True
Does 5 divide 130145?
True
Is 45215 even?
False
Is 160 a factor of 117760?
True
Is 36777 a multiple of 123?
True
Does 57 divide 328092?
True
Is 20 a factor of 10983900?
True
Is 153 a factor of 148410?
True
Is 133292 a multiple of 94?
True
Is 337 a factor of 159064?
True
Does 8 divide 140547?
False
Does 11 divide 984110?
False
Does 6 divide 587922?
True
Does 21 divide 930153?
True
Does 8 divide 363136?
True
Does 14 divide 671678?
True
Is 7 a factor of 102395?
False
Is 462 a factor of 13962292?
False
Is 536072 a multiple of 45?
False
Does 64 divide 865182?
False
Does 950 divide 12151159?
False
Is 641003 a multiple of 366?
False
Is 754 a factor of 543939?
False
Does 14 divide 1227819?
False
Is 30 a factor of 488220?
True
Is 3782 a multiple of 72?
False
Does 158 divide 10140586?
False
Is 10 a factor of 62714?
False
Is 194376 a multiple of 84?
True
Is 267210 a multiple of 18?
True
Is 80823 a multiple of 29?
True
Does 1103 divide 8859949?
False
Does 424 divide 1152432?
True
Does 30 divide 3069840?
True
Does 352 divide 287936?
True
Does 298 divide 296808?
True
Is 126 a factor of 1050840?
True
Does 139 divide 1137020?
True
Is 144638 a multiple of 9?
False
Does 15 divide 194074?
False
Is 4702701 a multiple of 12?
False
Is 1378 a factor of 38759006?
True
Is 384 a factor of 97920?
True
Does 54 divide 77753?
False
Is 386 a factor of 1731417?
False
Is 8 a factor of 224480?
True
Does 33 divide 808001?
False
Does 92 divide 133400?
True
Is 66 a factor of 1082400?
True
Is 56085 a multiple of 15?
True
Does 31 divide 32736?
True
Is 14915837 a multiple of 24?
False
Is 8 a factor of 648965?
False
Does 20 divide 9977640?
True
Does 39 divide 880074?
True
Does 59 divide 1114061?
False
Is 7348 a multiple of 25?
False
Is 538 a factor of 3777200?
False
Does 24 divide 1127294?
False
Does 296 divide 9911889?
False
Is 5 a factor of 65484?
False
Is 417 a factor of 100080?
True
Does 37 divide 2815959?
True
Is 102 a factor of 288762?
True
Is 2089793 a multiple of 76?
False
Does 90 divide 12501?
False
Does 7 divide 994723?
False
Is 55 a factor of 1689985?
True
Does 51 divide 5559?
True
Does 26 divide 23670?
False
Does 8 divide 1846392?
True
Does 17 divide 648788?
True
Does 346 divide 55237?
False
Is 2 a factor of 721847?
False
Is 129 a multiple of 43?
True
Does 669 divide 3438639?
False
Does 27 divide 93162?
False
Is 46455 a multiple of 362?
False
Does 8 divide 1085736?
True
Is 2 a factor of 3133451?
False
Is 78 a factor of 220974?
True
Is 242376 a multiple of 274?
False
Is 7 a factor of 518162?
False
Is 2813620 a multiple of 10?
True
Is 117 a factor of 11700819?
True
Is 57 a factor of 17271?
True
Does 13 divide 1792310?
True
Is 26 a factor of 3182374?
True
Is 71 a factor of 638663?
False
Is 12747397 a multiple of 13?
True
Does 90 divide 2413039?
False
Does 521 divide 890383?
False
Is 2051738 even?
True
Does 699 divide 3609784?
False
Is 395 a factor of 11225591?
False
Is 9 a factor of 13311?
True
Is 27 a factor of 522834?
False
Is 7 a factor of 6345857?
True
Does 69 divide 1029588?
False
Does 15 divide 465696?
False
Is 12903 a multiple of 23?
True
Is 4773 a multiple of 111?
True
Does 9 divide 6812?
False
Does 728 divide 8043619?
False
Does 239 divide 9164575?
False
Is 8 a factor of 320560?
True
Is 28 a factor of 4626468?
True
Is 117 a factor of 234585?
True
Is 424445 a multiple of 16?
False
Does 162 divide 131016?
False
Is 22 a factor of 77154?
True
Is 21 a factor of 695134?
False
Is 628920 a multiple of 45?
True
Is 27209 a multiple of 13?
True
Is 14870506 a multiple of 939?
False
Is 91150 a multiple of 50?
True
Does 405 divide 15297560?
False
Does 109 divide 178760?
True
Does 12 divide 64476?
True
Is 1847 a multiple of 3?
False
Is 17 a factor of 37706?
True
Is 91623 a multiple of 19?
False
Is 505920 a multiple of 527?
True
Does 117 divide 809406?
True
Is 11 a factor of 86214?
False
Does 9 divide 45900?
True
Does 38 divide 815189?
False
Does 64 divide 40768?
True
Does 73 divide 916005?
False
Is 2087 a multiple of 5?
False
Does 9 divide 758367?
True
Is 25554 a multiple of 39?
Fa